{"id":218,"date":"2017-01-17T18:23:46","date_gmt":"2017-01-17T18:23:46","guid":{"rendered":"http:\/\/www.imligatures.com\/?page_id=218"},"modified":"2017-05-28T08:15:26","modified_gmt":"2017-05-28T08:15:26","slug":"guillermo-lacamara","status":"publish","type":"page","link":"https:\/\/www.imligatures.com\/?page_id=218","title":{"rendered":"Guillermo Lac\u00e1mara"},"content":{"rendered":"<p><b><i>Guillermo Lac\u00e1mara Carreter (Saxofonista)<\/i><\/b><\/p>\n<p style=\"text-align: justify;\"><span style=\"color: #000000; font-family: Calibri;\"><img loading=\"lazy\" decoding=\"async\" class=\" wp-image-197 alignleft\" src=\"http:\/\/www.imligatures.com\/wp-content\/uploads\/2017\/01\/Guillermo-Bari-1-300x270.jpg\" alt=\"\" width=\"192\" height=\"174\" srcset=\"https:\/\/www.imligatures.com\/wp-content\/uploads\/2017\/01\/Guillermo-Bari-1-300x270.jpg 300w, https:\/\/www.imligatures.com\/wp-content\/uploads\/2017\/01\/Guillermo-Bari-1.jpg 475w\" sizes=\"auto, (max-width: 192px) 100vw, 192px\" \/>Soy profesor de la escuela de m\u00fasica y danza de Zaragoza, <img loading=\"lazy\" decoding=\"async\" class=\" wp-image-195 alignright\" src=\"http:\/\/www.imligatures.com\/wp-content\/uploads\/2017\/01\/FullSizeRender_3-259x300.jpg\" alt=\"\" width=\"179\" height=\"205\" \/>llevo 31 a\u00f1os en la m\u00fasica 20 de ellos dedic\u00e1ndome profesionalmente a ella, s\u00f3lo decir que<\/span><span style=\"color: #000000; font-family: Calibri;\">\u00a0 <\/span><span style=\"color: #000000; font-family: Calibri;\">he probado todo tipo de abrazaderas y que con las abrazaderas de I.M. cubro todas mis necesidades.<\/span><\/p>\n<p style=\"text-align: justify;\"><span style=\"color: #000000; font-family: Calibri;\">Debido a su dise\u00f1o permite un agarre perfecto de ca\u00f1a a boquilla y sin embargo deja vibrar mas a la ca\u00f1a. <\/span><\/p>\n<p style=\"text-align: justify;\"><span style=\"color: #000000; font-family: Calibri;\"><span style=\"text-decoration: underline;\">\u00bfQu\u00e9 permite? <\/span><img loading=\"lazy\" decoding=\"async\" class=\" wp-image-193 alignright\" src=\"http:\/\/www.imligatures.com\/wp-content\/uploads\/2017\/01\/FullSizeRender_1-225x300.jpg\" alt=\"\" width=\"178\" height=\"234\" \/><\/span><\/p>\n<p style=\"text-align: justify;\"><span style=\"color: #000000; font-family: Calibri;\">Para m\u00fasica cl\u00e1sica o contempor\u00e1nea (yo vengo del cl\u00e1sico), uso la abrazadera completa de bronce (tanto el anillo interno como el externo). <\/span><\/p>\n<p style=\"text-align: justify;\"><span style=\"color: #000000; font-family: Calibri;\"><img loading=\"lazy\" decoding=\"async\" class=\" wp-image-198 alignleft\" src=\"http:\/\/www.imligatures.com\/wp-content\/uploads\/2017\/01\/Guillermo-Bari-2-116x300.jpg\" alt=\"\" width=\"126\" height=\"308\" \/>Tambi\u00e9n me gusta formarme en otro tipo de m\u00fasica y practicarla, para ello utilizo el aro interno de bronce y el externo de brezo de la l\u00ednea de Bobby Martinez dando un sonido tremendo, espectacular.<\/span><\/p>\n<p style=\"text-align: justify;\"><span style=\"color: #000000; font-family: Calibri;\">Con el bar\u00edtono en mi cuarteto <a href=\"http:\/\/novus121.com\/\">Novus 12.1<\/a>, en el que trabajamos todo tipo de repertorio, sobre todo contempor\u00e1neo, me permite todo esto, pero dando mucha mas facilidad tanto en graves como en todos los registros picados que era lo que estaba buscando desde hace mucho tiempo.<\/span><\/p>\n<p style=\"text-align: justify;\"><span style=\"color: #000000; font-family: Calibri;\">Simplemente recomendaros las abrazaderas de I.M. Ligatures.<img loading=\"lazy\" decoding=\"async\" class=\"size-medium wp-image-192 aligncenter\" src=\"http:\/\/www.imligatures.com\/wp-content\/uploads\/2017\/01\/FullSizeRender-225x300.jpg\" alt=\"\" width=\"225\" height=\"300\" srcset=\"https:\/\/www.imligatures.com\/wp-content\/uploads\/2017\/01\/FullSizeRender-225x300.jpg 225w, https:\/\/www.imligatures.com\/wp-content\/uploads\/2017\/01\/FullSizeRender-768x1024.jpg 768w, https:\/\/www.imligatures.com\/wp-content\/uploads\/2017\/01\/FullSizeRender-552x736.jpg 552w, https:\/\/www.imligatures.com\/wp-content\/uploads\/2017\/01\/FullSizeRender.jpg 960w\" sizes=\"auto, (max-width: 225px) 100vw, 225px\" \/><\/span><\/p>\n<p>&nbsp;<\/p>\n<p><center><video controls=\"controls\" width=\"800\" height=\"600\"><source src=\"http:\/\/www.imligatures.com\/wp-content\/uploads\/2016\/12\/GUILLERMO.mp4\" type=\"video\/mp4\" \/><\/video><\/center><b><i>CURRICULUM GUILLERMO LAC\u00c1MARA CARRETER<\/i><\/b><\/p>\n<p style=\"text-align: justify; padding-left: 60px;\"><span style=\"color: #000000; font-size: medium;\"><img loading=\"lazy\" decoding=\"async\" src=\"file:\/\/\/C:\/Users\/FRANCI~1\/AppData\/Local\/Temp\/msohtmlclip1\/01\/clip_image002.jpg\" width=\"246\" height=\"246\" align=\"left\" hspace=\"12\" \/><\/span><span style=\"color: #000000;\">Inicia sus estudios musicales a la edad de 9 a\u00f1os (1984), en la Escuela de M\u00fasica de Magall\u00f3n y como alumno libre del Conservatorio Superior de M\u00fasica de Zaragoza hasta 1994, que accede a dicho Conservatorio en la especialidad de Saxof\u00f3n, estudiando Grado Medio con los profesores: M\u00aa Carmen Carrasco y David Mazas y finalizando el Grado Superior en el a\u00f1o 2000 con los profesores: A. Cotanda y F. Roy.<\/span><\/p>\n<p style=\"text-align: justify; padding-left: 60px;\"><span style=\"color: #000000;\">\u00a0<\/span><span style=\"color: #000000;\">Ha realizado cursos de perfeccionamiento con Pedro Iturralde, Israel Mira, Andr\u00e9s G\u00f3mis y Philippe Lecocq; Cursos de M\u00fasica Mixta con Josexto Silguero, Pascal Gaigne y Emiliano del Cerro, composici\u00f3n y arreglos de jazz con: I\u00f1aki Askunze y cursos de Jazz con Jaime Fatas, Mikel Andueza, Gigi di Gregorio, David Pastor, Jorge Pardo, Jesse Davis, Bobby Mart\u00ednez y Miguel Royo \u00a8Wally\u00a8.<\/span><\/p>\n<p style=\"text-align: justify; padding-left: 60px;\"><span style=\"color: #000000;\">\u00a0<\/span><span style=\"color: #000000; font-size: medium;\"><img loading=\"lazy\" decoding=\"async\" src=\"file:\/\/\/C:\/Users\/FRANCI~1\/AppData\/Local\/Temp\/msohtmlclip1\/01\/clip_image004.jpg\" width=\"259\" height=\"259\" align=\"left\" hspace=\"12\" \/><\/span><span style=\"color: #000000;\">Ha estado de profesor en la especialidad de Saxof\u00f3n en diversas Escuelas de M\u00fasica del entorno aragon\u00e9s, como: Agrupaci\u00f3n Musical Delicias (Zaragoza) durante el curso 96\/97 hasta el 00\/01; Instituto Musical Miguel Arnaudas de Alag\u00f3n (Zaragoza) durante el curso 98\/99 hasta el 01\/02; La Cartuja Baja (Zaragoza) durante los cursos 00\/01-01\/02, en Utebo (Zaragoza) durante el curso 01\/02 y Sociedad Art\u00edstico Musical de Magall\u00f3n (Zaragoza) desde 1998 hasta 2010. <\/span><\/p>\n<p style=\"text-align: justify; padding-left: 60px;\"><span style=\"color: #000000;\">\u00a0<\/span><span style=\"color: #000000;\">Ha sido componente-fundador (1988-2012) de la Sociedad Art\u00edstico Musical de Magall\u00f3n, as\u00ed como de la Banda Sinf\u00f3nica de Arag\u00f3n hasta su desaparici\u00f3n y saxofonista de la Wind Orchestra Zaragoza (WOZ). As\u00ed mismo cuenta con colaboraciones en agrupaciones del entorno musical aragon\u00e9s y en la Banda Provincial de Zaragoza, as\u00ed como en diversas formaciones camer\u00edsticas cl\u00e1sicas, de jazz, rock y electr\u00f3nica. Ha realizado cursos como profesor de Saxof\u00f3n en varios Encuentros para J\u00f3venes M\u00fasicos \u00a8Villa de Magall\u00f3n\u201d. <\/span><\/p>\n<p style=\"text-align: justify; padding-left: 60px;\"><span style=\"color: #000000;\">\u00a0<\/span><span style=\"color: #000000; font-size: medium;\"><img loading=\"lazy\" decoding=\"async\" src=\"file:\/\/\/C:\/Users\/FRANCI~1\/AppData\/Local\/Temp\/msohtmlclip1\/01\/clip_image006.jpg\" width=\"146\" height=\"195\" align=\"left\" hspace=\"12\" \/><\/span><span style=\"color: #000000;\">Actualmente es profesor en la especialidad de Saxof\u00f3n, por oposici\u00f3n (desde 2001), de la Escuela Municipal de M\u00fasica y Danza de Zaragoza y componente de Novus 12.1. con los que participa activamente en ensayos, conciertos y en las ediciones del Curso de Saxof\u00f3n Novus 12.1.<\/span><\/p>\n<p>&nbsp;<\/p>\n","protected":false},"excerpt":{"rendered":"<p class=\"post-excerpt\">Guillermo Lac\u00e1mara Carreter (Saxofonista) Soy profesor de la escuela de m\u00fasica y danza de Zaragoza, llevo 31 a\u00f1os en la&#8230;<\/p>\n","protected":false},"author":1,"featured_media":0,"parent":0,"menu_order":0,"comment_status":"closed","ping_status":"closed","template":"","meta":{"footnotes":""},"class_list":["post-218","page","type-page","status-publish","hentry"],"_links":{"self":[{"href":"https:\/\/www.imligatures.com\/index.php?rest_route=\/wp\/v2\/pages\/218","targetHints":{"allow":["GET"]}}],"collection":[{"href":"https:\/\/www.imligatures.com\/index.php?rest_route=\/wp\/v2\/pages"}],"about":[{"href":"https:\/\/www.imligatures.com\/index.php?rest_route=\/wp\/v2\/types\/page"}],"author":[{"embeddable":true,"href":"https:\/\/www.imligatures.com\/index.php?rest_route=\/wp\/v2\/users\/1"}],"replies":[{"embeddable":true,"href":"https:\/\/www.imligatures.com\/index.php?rest_route=%2Fwp%2Fv2%2Fcomments&post=218"}],"version-history":[{"count":15,"href":"https:\/\/www.imligatures.com\/index.php?rest_route=\/wp\/v2\/pages\/218\/revisions"}],"predecessor-version":[{"id":508,"href":"https:\/\/www.imligatures.com\/index.php?rest_route=\/wp\/v2\/pages\/218\/revisions\/508"}],"wp:attachment":[{"href":"https:\/\/www.imligatures.com\/index.php?rest_route=%2Fwp%2Fv2%2Fmedia&parent=218"}],"curies":[{"name":"wp","href":"https:\/\/api.w.org\/{rel}","templated":true}]}}