{"id":292,"date":"2017-02-13T18:43:49","date_gmt":"2017-02-13T18:43:49","guid":{"rendered":"http:\/\/www.imligatures.com\/?page_id=292"},"modified":"2017-02-13T18:51:35","modified_gmt":"2017-02-13T18:51:35","slug":"llibert-fortuny","status":"publish","type":"page","link":"https:\/\/www.imligatures.com\/?page_id=292","title":{"rendered":"Llibert Fortuny"},"content":{"rendered":"<p><b><i>Llibert Fortuny (Saxofonista y compositor)<\/i><\/b><\/p>\n<p><img loading=\"lazy\" decoding=\"async\" class=\" wp-image-294 alignleft\" src=\"http:\/\/www.imligatures.com\/wp-content\/uploads\/2017\/02\/llibert-1-200x300.jpg\" alt=\"\" width=\"193\" height=\"284\" \/>En la sencillez y el minimalismo radica la clave&#8230;<\/p>\n<p style=\"text-align: justify;\">Para mi el sonido es columna de aire, direcci\u00f3n, velocidad y a veces muchos de nuestros problemas t\u00e9cnicos pueden venir provocados por un problema de base tan evidente como el aire!<img loading=\"lazy\" decoding=\"async\" class=\" wp-image-296 alignright\" src=\"http:\/\/www.imligatures.com\/wp-content\/uploads\/2017\/02\/llibert-3-225x300.jpg\" alt=\"\" width=\"154\" height=\"202\" \/><\/p>\n<p style=\"text-align: justify;\">Con este dise\u00f1o de IM, que creamos hace ya unos a\u00f1os, donde hemos hecho mil y una pruebas, aqu\u00ed esta el resultado, f\u00e1cil, c\u00f3modo, minimalista, funcional y que puedes escoger material seg\u00fan tus necesidades est\u00e9ticas a nivel musical!<\/p>\n<p style=\"text-align: center;\"><a href=\"http:\/\/www.llibertfortuny.com\/\"><img loading=\"lazy\" decoding=\"async\" class=\"size-medium wp-image-295 aligncenter\" src=\"http:\/\/www.imligatures.com\/wp-content\/uploads\/2017\/02\/llibert-2-200x300.jpg\" alt=\"\" width=\"200\" height=\"300\" srcset=\"https:\/\/www.imligatures.com\/wp-content\/uploads\/2017\/02\/llibert-2-200x300.jpg 200w, https:\/\/www.imligatures.com\/wp-content\/uploads\/2017\/02\/llibert-2-768x1155.jpg 768w, https:\/\/www.imligatures.com\/wp-content\/uploads\/2017\/02\/llibert-2-681x1024.jpg 681w, https:\/\/www.imligatures.com\/wp-content\/uploads\/2017\/02\/llibert-2-552x830.jpg 552w, https:\/\/www.imligatures.com\/wp-content\/uploads\/2017\/02\/llibert-2.jpg 1064w\" sizes=\"auto, (max-width: 200px) 100vw, 200px\" \/><\/a><\/p>\n<p style=\"text-align: center;\"><a href=\"http:\/\/www.llibertfortuny.com\/\">http:\/\/www.llibertfortuny.com\/<\/a><\/p>\n<p style=\"text-align: left;\">Fotos de Josep Tom\u00e1s<\/p>\n","protected":false},"excerpt":{"rendered":"<p class=\"post-excerpt\">Llibert Fortuny (Saxofonista y compositor) En la sencillez y el minimalismo radica la clave&#8230; Para mi el sonido es columna&#8230;<\/p>\n","protected":false},"author":3,"featured_media":0,"parent":0,"menu_order":0,"comment_status":"closed","ping_status":"closed","template":"","meta":{"footnotes":""},"class_list":["post-292","page","type-page","status-publish","hentry"],"_links":{"self":[{"href":"https:\/\/www.imligatures.com\/index.php?rest_route=\/wp\/v2\/pages\/292","targetHints":{"allow":["GET"]}}],"collection":[{"href":"https:\/\/www.imligatures.com\/index.php?rest_route=\/wp\/v2\/pages"}],"about":[{"href":"https:\/\/www.imligatures.com\/index.php?rest_route=\/wp\/v2\/types\/page"}],"author":[{"embeddable":true,"href":"https:\/\/www.imligatures.com\/index.php?rest_route=\/wp\/v2\/users\/3"}],"replies":[{"embeddable":true,"href":"https:\/\/www.imligatures.com\/index.php?rest_route=%2Fwp%2Fv2%2Fcomments&post=292"}],"version-history":[{"count":5,"href":"https:\/\/www.imligatures.com\/index.php?rest_route=\/wp\/v2\/pages\/292\/revisions"}],"predecessor-version":[{"id":301,"href":"https:\/\/www.imligatures.com\/index.php?rest_route=\/wp\/v2\/pages\/292\/revisions\/301"}],"wp:attachment":[{"href":"https:\/\/www.imligatures.com\/index.php?rest_route=%2Fwp%2Fv2%2Fmedia&parent=292"}],"curies":[{"name":"wp","href":"https:\/\/api.w.org\/{rel}","templated":true}]}}