{"id":305,"date":"2017-02-13T19:05:49","date_gmt":"2017-02-13T19:05:49","guid":{"rendered":"http:\/\/www.imligatures.com\/?page_id=305"},"modified":"2017-10-18T10:16:54","modified_gmt":"2017-10-18T10:16:54","slug":"joserra-zamora","status":"publish","type":"page","link":"https:\/\/www.imligatures.com\/?page_id=305","title":{"rendered":"Joserra Zamora"},"content":{"rendered":"<p><b><i>Joserra Zamora (Saxofonista)<\/i><\/b><\/p>\n<p style=\"line-height: 35.2px;\"><img loading=\"lazy\" decoding=\"async\" class=\" wp-image-307 alignleft\" src=\"http:\/\/www.imligatures.com\/wp-content\/uploads\/2017\/02\/IM-Soprano-1239-201x300.jpg\" alt=\"\" width=\"239\" height=\"351\" \/><\/p>\n<p><i>D<\/i><i>esde el momento en el que prob\u00e9 las abrazaderas de I.M. mi concepto de \u201cabrazadera\u201d cambi\u00f3.<\/i><\/p>\n<p>&nbsp;<\/p>\n<p><em>Su variedad de materiales hacen que el sonido de mis saxofones cambie dependiendo de la abrazadera escogida.<\/em><\/p>\n<p><em>Han sido un gran descubrimiento, tanto por la riqueza que aporta a mi sonido, como por su original y elegante dise\u00f1o, d\u00e1ndome una gran tranquilidad a la hora de encontrar \u201cel sonido\u201d.<\/em><\/p>\n<p>&nbsp;<\/p>\n<p><em>\u00a0<\/em><em>S\u00f3lo veo un aspecto negativo: Si la pruebas est\u00e1s perdid@; ES ADICTIVA !!<\/em><\/p>\n<p><a href=\"http:\/\/www.joserrazamora.com\/\"><img loading=\"lazy\" decoding=\"async\" class=\"size-medium wp-image-306 aligncenter\" src=\"http:\/\/www.imligatures.com\/wp-content\/uploads\/2017\/02\/IM-Alto-1240-300x201.jpg\" alt=\"\" width=\"300\" height=\"201\" srcset=\"https:\/\/www.imligatures.com\/wp-content\/uploads\/2017\/02\/IM-Alto-1240-300x201.jpg 300w, https:\/\/www.imligatures.com\/wp-content\/uploads\/2017\/02\/IM-Alto-1240-768x514.jpg 768w, https:\/\/www.imligatures.com\/wp-content\/uploads\/2017\/02\/IM-Alto-1240-1024x686.jpg 1024w, https:\/\/www.imligatures.com\/wp-content\/uploads\/2017\/02\/IM-Alto-1240-1140x763.jpg 1140w, https:\/\/www.imligatures.com\/wp-content\/uploads\/2017\/02\/IM-Alto-1240-552x370.jpg 552w\" sizes=\"auto, (max-width: 300px) 100vw, 300px\" \/><\/a><\/p>\n<p style=\"text-align: center;\"><em><strong><a href=\"http:\/\/www.joserrazamora.com\/\">http:\/\/www.joserrazamora.com\/\u00a0<\/a>\u00a0<\/strong> <\/em><\/p>\n<p><iframe loading=\"lazy\" width=\"700\" height=\"394\" src=\"https:\/\/www.youtube.com\/embed\/BjBIwI0Uf5I?feature=oembed\" frameborder=\"0\" allowfullscreen><\/iframe><\/p>\n<p><span style=\"text-decoration: underline;\"><strong>Biograf\u00eda<\/strong><\/span><\/p>\n<p style=\"text-align: justify;\">Joserra Zamora, saxofonista y flautista, nacido en Alicante, se inicia desde muy temprana edad en el mundo de la m\u00fasica en su ciudad natal, mientras se forma en el Conservatorio Superior de M\u00fasica \u00d3scar Espl\u00e1.<\/p>\n<p style=\"text-align: justify;\"><img loading=\"lazy\" decoding=\"async\" class=\"size-medium wp-image-308 alignright\" src=\"http:\/\/www.imligatures.com\/wp-content\/uploads\/2017\/02\/IM-Tenor-1236-201x300.jpg\" alt=\"\" width=\"201\" height=\"300\" srcset=\"https:\/\/www.imligatures.com\/wp-content\/uploads\/2017\/02\/IM-Tenor-1236-201x300.jpg 201w, https:\/\/www.imligatures.com\/wp-content\/uploads\/2017\/02\/IM-Tenor-1236-768x1147.jpg 768w, https:\/\/www.imligatures.com\/wp-content\/uploads\/2017\/02\/IM-Tenor-1236-686x1024.jpg 686w, https:\/\/www.imligatures.com\/wp-content\/uploads\/2017\/02\/IM-Tenor-1236-1140x1703.jpg 1140w, https:\/\/www.imligatures.com\/wp-content\/uploads\/2017\/02\/IM-Tenor-1236-552x825.jpg 552w, https:\/\/www.imligatures.com\/wp-content\/uploads\/2017\/02\/IM-Tenor-1236.jpg 1829w\" sizes=\"auto, (max-width: 201px) 100vw, 201px\" \/>Termina el Grado Elemental con las m\u00e1ximas calificaciones y posteriormente se traslada a Madrid para continuar su formaci\u00f3n cl\u00e1sica con el Catedr\u00e1tico de saxof\u00f3n del Real Conservatorio Superior de Madrid D. Francisco Mart\u00ednez.<\/p>\n<p style=\"text-align: justify;\">Con tan solo 11 a\u00f1os pisa su primer escenario, en un concierto para RTVE en el programa \u2018GENTE JOVEN\u2019 y desde entonces su actividad musical ha sido constante. Directos con formaciones que abarcan desde el jazz hasta la m\u00fasica cl\u00e1sica, pasando por el pop, rock, funk, flamenco, compa\u00f1\u00edas de danza y teatro, etc\u2026<\/p>\n<p style=\"text-align: justify;\">As\u00ed mismo, lidera sus propios proyectos compagin\u00e1ndolos con numerosas giras internacionales.<\/p>\n<p style=\"text-align: justify;\">Sus amplios conocimientos del jazz vienen dados de la mano de su \u2018hermano\u2019 (como ellos mismos se denominan) Bobby Mart\u00ednez, adem\u00e1s de recibir cursos y Master Class de grandes m\u00fasicos como Jerry Gonz\u00e1lez, Perico Sambeat y Jerry Bergonzi entre muchos otros.<\/p>\n<p style=\"text-align: justify;\">Ha compartido escenario, cartel y giras con artistas tan reconocidos como el propio Bobby Mart\u00ednez, Pedro Iturralde, Chano Dom\u00ednguez, Perico Sambeat, Javier Colina, Mauri Sanchis, Kepa Junkera, Bob Sands, Marta S\u00e1nchez, Pepe Rivero, Alain P\u00e9rez, Norman Hogue, Ester And\u00fajar, Daniel Diges, Rebeca Rods, Javier Vargas, Pablo Abraira y una larga lista de m\u00fasicos nacionales e internacionales con los que actualmente sigue trabajando. Destacar que Joserra Zamora ha colaborado con la Orquesta y Coros de RTVE bajo la batuta de Sergiu Comissiona.<\/p>\n<p style=\"text-align: justify;\">Participa en los m\u00e1s prestigiosos festivales de jazz, tanto en Espa\u00f1a como en el extranjero: Festival de San Javier, Festival San Juan Evangelista, Festival de Jazz\u00a0 en Pori (Finlandia), Ubujazz (Burgos), Festival de Ezcaray, Festival de Jazz de Castilla y Le\u00f3n, Festival de Jazz de Madrid, etc\u2026 Actuaciones en los clubs de Jazz y en las salas de conciertos m\u00e1s importantes de Espa\u00f1a y de Europa como: Clamores, Jamboree, Caf\u00e9 Populart, Bogui Jazz, El Junco, Sala Galileo Galilei, Palau de la M\u00fasica, Teatro Principal de Burgos, Teatro Calder\u00f3n de Valladolid, Audit\u00f3rium Ciudad de Le\u00f3n, La Cartuja de Sevilla, Podium (N\u00faremberg), Semana de la Danza en Almada (Portugal), Loft (M\u00fanich), Teatro Principal de Alicante, Teatro Arteria Campos Eliseos de Bilbao, etc\u2026<\/p>\n<p style=\"text-align: justify;\">Actualmente realiza giras, grabaciones, colaboraciones musicales en programas de TV (S\u00e1lvame, El Hormiguero) conciertos, arreglos y composiciones para artistas que solicitan su colaboraci\u00f3n, lo que combina con el trabajo pedag\u00f3gico que desarrolla en distintos centros musicales del pa\u00eds.<\/p>\n","protected":false},"excerpt":{"rendered":"<p class=\"post-excerpt\">Joserra Zamora (Saxofonista) Desde el momento en el que prob\u00e9 las abrazaderas de I.M. mi concepto de \u201cabrazadera\u201d cambi\u00f3. &nbsp;&#8230;<\/p>\n","protected":false},"author":3,"featured_media":0,"parent":0,"menu_order":0,"comment_status":"closed","ping_status":"closed","template":"","meta":{"footnotes":""},"class_list":["post-305","page","type-page","status-publish","hentry"],"_links":{"self":[{"href":"https:\/\/www.imligatures.com\/index.php?rest_route=\/wp\/v2\/pages\/305","targetHints":{"allow":["GET"]}}],"collection":[{"href":"https:\/\/www.imligatures.com\/index.php?rest_route=\/wp\/v2\/pages"}],"about":[{"href":"https:\/\/www.imligatures.com\/index.php?rest_route=\/wp\/v2\/types\/page"}],"author":[{"embeddable":true,"href":"https:\/\/www.imligatures.com\/index.php?rest_route=\/wp\/v2\/users\/3"}],"replies":[{"embeddable":true,"href":"https:\/\/www.imligatures.com\/index.php?rest_route=%2Fwp%2Fv2%2Fcomments&post=305"}],"version-history":[{"count":6,"href":"https:\/\/www.imligatures.com\/index.php?rest_route=\/wp\/v2\/pages\/305\/revisions"}],"predecessor-version":[{"id":526,"href":"https:\/\/www.imligatures.com\/index.php?rest_route=\/wp\/v2\/pages\/305\/revisions\/526"}],"wp:attachment":[{"href":"https:\/\/www.imligatures.com\/index.php?rest_route=%2Fwp%2Fv2%2Fmedia&parent=305"}],"curies":[{"name":"wp","href":"https:\/\/api.w.org\/{rel}","templated":true}]}}