{"id":530,"date":"2018-04-12T10:52:32","date_gmt":"2018-04-12T10:52:32","guid":{"rendered":"http:\/\/www.imligatures.com\/?page_id=530"},"modified":"2018-04-12T11:29:14","modified_gmt":"2018-04-12T11:29:14","slug":"mario-escalona-saxman","status":"publish","type":"page","link":"https:\/\/www.imligatures.com\/?page_id=530","title":{"rendered":"Mario Escalona (Saxman)"},"content":{"rendered":"<p><strong>Mario Escalona (Music\u00f3logo, Musicoterapeuta y Saxofonista)<\/strong><\/p>\n<p style=\"text-align: justify;\"><img loading=\"lazy\" decoding=\"async\" class=\"wp-image-533 alignleft\" src=\"http:\/\/www.imligatures.com\/wp-content\/uploads\/2018\/04\/mario1-300x200.jpg\" alt=\"\" width=\"370\" height=\"250\" \/>Soy Mario Escalona, tambi\u00e9n conocido como \u201cMario Saxman\u201d. Soy music\u00f3logo, musicoterapeuta y saxofonista profesional. He recorrido gran parte de la pen\u00ednsula con mis saxofones por diversos escenarios de distintos pueblos y ciudades. Llevo con este gran equipo desde que la maquinaria comenz\u00f3 a funcionar har\u00e1 unos 10 a\u00f1os. He sido de los pocos que han seguido fiel al pie de ca\u00f1\u00f3n, a trav\u00e9s de las distintas fases del proceso perfeccionamiento de todos sus productos. Pero dejo de daros la chapa ya.<\/p>\n<p style=\"text-align: justify;\">Me dedico m\u00e1s al campo de m\u00fasica popular y tradicional (charangas, orquestas de verbena, bandas de m\u00fasica\u2026), aunque tambi\u00e9n suelo tocar m\u00fasica cl\u00e1sica ya que mi formaci\u00f3n viene de ah\u00ed, y otros estilos de m\u00fasica como jazz, rocknroll\u2026 Yo ven\u00eda hace a\u00f1os utilizando un prototipo anterior hasta hace nada, y ya me ten\u00eda hipnotizado; pues imaginaros mi impresi\u00f3n a utilizar los nuevos modelos. A continuaci\u00f3n, os detallo mi set:<\/p>\n<p><img loading=\"lazy\" decoding=\"async\" class=\" wp-image-536 alignright\" src=\"http:\/\/www.imligatures.com\/wp-content\/uploads\/2018\/04\/mario-3-300x200.jpg\" alt=\"\" width=\"372\" height=\"252\" \/><\/p>\n<p style=\"text-align: justify;\">En el saxof\u00f3n tenor utilizo la abrazadera completa de brezo (Kleos) cuando se trata de tocar con boquillas de\u00a0pasta (me tiene loco). El sonido que llego a emitir con ella es tan c\u00e1lido, tan dulce y tan bonito que me permite poder transmitir m\u00e1s all\u00e1 de lo que transmit\u00eda con otro tipo de abrazaderas. La facilidad de colocaci\u00f3n es otro punto a favor que me tiene conquistado, ya que es llegar, chupar la ca\u00f1a y con un simple movimiento \u201cvoil\u00e0\u201d. Estoy deseando obtener y probar una abrazadera para mi boquilla met\u00e1lica con la que tambi\u00e9n desarrollo gran parte de la m\u00fasica que toco.<\/p>\n<p><img loading=\"lazy\" decoding=\"async\" class=\" wp-image-537 alignleft\" style=\"text-align: justify;\" src=\"http:\/\/www.imligatures.com\/wp-content\/uploads\/2018\/04\/mario-4-300x200.jpg\" alt=\"\" width=\"370\" height=\"251\" \/><\/p>\n<p style=\"text-align: justify;\">En cuanto al saxof\u00f3n alto utilizo dos: Niobe y la de titanio. Aqu\u00ed la verdad es que tengo diversidad de opiniones. La de titanio la utilizo much\u00edsimo para cuando tengo que tocar en la calle o en momentos de larga duraci\u00f3n, ya que me da una resistencia bestial, una potencia que ninguna otra me ha dado y una riqueza de sonido flipante. En la orquesta y charanga acostumbro a estar varias horas tocando y es la que mejor se amolda a mis exigencias.<\/p>\n<p style=\"text-align: justify;\">Sin embargo, Niobe me encanta para cuanto tengo que tocar alg\u00fan concierto, porque a pesar de ser de bronce, su dulzura es inolvidable. Te conquista el sonido que desprende de ella.<\/p>\n<p style=\"text-align: justify;\">He de decir que, con todas ellas, me dan una potencia que ninguna otra me hab\u00eda dado, una riqueza en los registros graves que me deja asombrado, y un brillo en los registros agudos que me tiene encandilado. No es por venderos la moto, si he durado tantos a\u00f1os fiel a ellos es porque el producto vale la pena tenerlo. Para gustos los colores, pero vaya colores que saco con estas abrazaderas.<\/p>\n<p><img loading=\"lazy\" decoding=\"async\" class=\" wp-image-535 aligncenter\" src=\"http:\/\/www.imligatures.com\/wp-content\/uploads\/2018\/04\/mario-2-300x200.jpg\" alt=\"\" width=\"451\" height=\"304\" \/><\/p>\n<p style=\"text-align: center;\">Cuatro palabras para definirlas: CALIDEZ, EMOCIONES, RIQUEZA, FUERZA.<\/p>\n<p style=\"text-align: center;\">\u00a1Hazte con tod@\u00a1<\/p>\n<p>&nbsp;<\/p>\n","protected":false},"excerpt":{"rendered":"<p class=\"post-excerpt\">Mario Escalona (Music\u00f3logo, Musicoterapeuta y Saxofonista) Soy Mario Escalona, tambi\u00e9n conocido como \u201cMario Saxman\u201d. Soy music\u00f3logo, musicoterapeuta y saxofonista profesional&#8230;.<\/p>\n","protected":false},"author":1,"featured_media":0,"parent":0,"menu_order":0,"comment_status":"closed","ping_status":"closed","template":"","meta":{"footnotes":""},"class_list":["post-530","page","type-page","status-publish","hentry"],"_links":{"self":[{"href":"https:\/\/www.imligatures.com\/index.php?rest_route=\/wp\/v2\/pages\/530","targetHints":{"allow":["GET"]}}],"collection":[{"href":"https:\/\/www.imligatures.com\/index.php?rest_route=\/wp\/v2\/pages"}],"about":[{"href":"https:\/\/www.imligatures.com\/index.php?rest_route=\/wp\/v2\/types\/page"}],"author":[{"embeddable":true,"href":"https:\/\/www.imligatures.com\/index.php?rest_route=\/wp\/v2\/users\/1"}],"replies":[{"embeddable":true,"href":"https:\/\/www.imligatures.com\/index.php?rest_route=%2Fwp%2Fv2%2Fcomments&post=530"}],"version-history":[{"count":5,"href":"https:\/\/www.imligatures.com\/index.php?rest_route=\/wp\/v2\/pages\/530\/revisions"}],"predecessor-version":[{"id":539,"href":"https:\/\/www.imligatures.com\/index.php?rest_route=\/wp\/v2\/pages\/530\/revisions\/539"}],"wp:attachment":[{"href":"https:\/\/www.imligatures.com\/index.php?rest_route=%2Fwp%2Fv2%2Fmedia&parent=530"}],"curies":[{"name":"wp","href":"https:\/\/api.w.org\/{rel}","templated":true}]}}